{"id":804,"date":"2015-11-04T08:27:02","date_gmt":"2015-11-04T08:27:02","guid":{"rendered":"http:\/\/www.banusamanci.com\/?page_id=804"},"modified":"2018-07-13T09:36:14","modified_gmt":"2018-07-13T09:36:14","slug":"basarilimarkatarifi_indir","status":"publish","type":"page","link":"https:\/\/www.banusamanci.com\/index.php\/basarilimarkatarifi_indir\/","title":{"rendered":"Ba\u015far\u0131l\u0131 Marka Tarifi"},"content":{"rendered":"<div class=\"fusion-fullwidth fullwidth-box fusion-fullwidth-1  fusion-parallax-none nonhundred-percent-fullwidth\" style=\"border-bottom-width: 0px;border-top-width: 0px;border-bottom-style: solid;border-top-style: solid;padding-bottom:20px;padding-top:20px;padding-left:0px;padding-right:0px;\"><style type=\"text\/css\" scoped=\"scoped\">.fusion-fullwidth-1 {\n                            padding-left: 0px !important;\n                            padding-right: 0px !important;\n                        }<\/style><div class=\"fusion-row\"><span class=\"fusion-imageframe imageframe-none imageframe-1 hover-type-none\"> <img decoding=\"async\" alt=\"Ba\u015far\u0131l\u0131 Marka Tarifi\" src=\"http:\/\/www.banusamanci.com\/wp-content\/uploads\/2015\/11\/basarilimarka_kayitsayfasi.jpg\" class=\"img-responsive\"\/><\/span><\/div><\/div><p>[email-download download_id=&#8221;1801&#8243; contact-form-7 id=&#8221;803&#8243;]<\/p>\n<div class=\"fusion-fullwidth fullwidth-box fusion-fullwidth-2  fusion-parallax-none nonhundred-percent-fullwidth\" style=\"border-bottom-width: 0px;border-top-width: 0px;border-bottom-style: solid;border-top-style: solid;padding-bottom:20px;padding-top:20px;padding-left:0px;padding-right:0px;\"><style type=\"text\/css\" scoped=\"scoped\">.fusion-fullwidth-2 {\n                            padding-left: 0px !important;\n                            padding-right: 0px !important;\n                        }<\/style><div class=\"fusion-row\"><span class=\"fusion-imageframe imageframe-none imageframe-2 hover-type-none\"> <img decoding=\"async\" alt=\"\" src=\"http:\/\/www.banusamanci.com\/wp-content\/uploads\/2015\/11\/cizgibasarilimarka_kayitsayfasi.gif\" class=\"img-responsive\"\/><\/span><\/div><\/div>\n","protected":false},"excerpt":{"rendered":"[email-download download_id=\"1801\" contact-form-7 id=\"803\"]","protected":false},"author":1,"featured_media":0,"parent":0,"menu_order":0,"comment_status":"closed","ping_status":"closed","template":"","meta":{"footnotes":""},"aioseo_notices":[],"_links":{"self":[{"href":"https:\/\/www.banusamanci.com\/index.php\/wp-json\/wp\/v2\/pages\/804"}],"collection":[{"href":"https:\/\/www.banusamanci.com\/index.php\/wp-json\/wp\/v2\/pages"}],"about":[{"href":"https:\/\/www.banusamanci.com\/index.php\/wp-json\/wp\/v2\/types\/page"}],"author":[{"embeddable":true,"href":"https:\/\/www.banusamanci.com\/index.php\/wp-json\/wp\/v2\/users\/1"}],"replies":[{"embeddable":true,"href":"https:\/\/www.banusamanci.com\/index.php\/wp-json\/wp\/v2\/comments?post=804"}],"version-history":[{"count":7,"href":"https:\/\/www.banusamanci.com\/index.php\/wp-json\/wp\/v2\/pages\/804\/revisions"}],"predecessor-version":[{"id":1808,"href":"https:\/\/www.banusamanci.com\/index.php\/wp-json\/wp\/v2\/pages\/804\/revisions\/1808"}],"wp:attachment":[{"href":"https:\/\/www.banusamanci.com\/index.php\/wp-json\/wp\/v2\/media?parent=804"}],"curies":[{"name":"wp","href":"https:\/\/api.w.org\/{rel}","templated":true}]}}